se 4*b = 5*q - 53022, -5*b + 12334 + 8855 = 2*q. List the prime factors of q.
2, 3, 19, 31
Let u = 8840 + -4181. What are the prime factors of u?
3, 1553
Let b(t) = -8*t**3 - 20*t**2 - 11*t - 32. What are the prime factors of b(-7)?
3, 67
Suppose w = -8 + 14. Suppose w*p = 17 - 5. Suppose -189 = -3*b + 3*i + 267, b + p*i = 167. What are the prime factors of b?
157
Let r be ((-41)/4 + -1)*(7 + -3). Let p = r - -48. Suppose 4*z - 4*x = 8*z - 268, -177 = -p*z + 3*x. What are the prime factors of z?
3, 7
Suppose 5*q + 428 = -4*x, -3*q - 2*q - 424 = 2*x. Let j = 287 + -141. Let f = j + q. List the prime factors of f.
2, 31
Let o = 3540 - -3621. List the prime factors of o.
3, 7, 11, 31
Let x = -64 + 62. Let y be 6/(-2 + (-7)/x). List the prime factors of (-14)/18 - y/18 - -91.
2, 3, 5
Let o = 14164 - 6292. List the prime factors of o.
2, 3, 41
Let s(o) = 6*o**2 + 38*o - 1145. List the prime factors of s(32).
5, 11, 113
Let w(c) be the third derivative of c**5/60 + 7*c**4/24 + 5*c**3/6 - 9*c**2. Let f be w(-7). Suppose 615 = f*u + 50. List the prime factors of u.
113
Suppose -4*n = -60 + 40. Suppose 0 = -2*a - n*d, 3*a + 2*a = 3*d. Suppose a*g = g + 3*i - 14, -58 = -3*g - 5*i. What are the prime factors of g?
2, 13
Let n be (6/(-24))/(2/8). Let i be (n - 2/(-6))*(1 - 4). Suppose -2*t - 14 = 5*x - 168, -i*x = 5*t - 364. What are the prime factors of t?
2, 3
Let k(w) = w**3. Let q(y) = 16*y**3 - 15*y**2 + 36*y + 2. Let a(i) = -3*k(i) + q(i). What are the prime factors of a(4)?
2, 3, 41
Suppose -4*n - 20 = 0, 9*d = 4*d - n + 40. Let i(f) = f + 41. Let x(r) = 124. Let u(z) = 3*i(z) - x(z). What are the prime factors of u(d)?
2, 13
Let h(v) = 6 - v + 27 - 5*v - v**2. Let d be h(-10). List the prime factors of (-114)/(d + 4) - 0.
2, 19
Let b(j) = -33*j**3 + 2*j**2 - 6*j - 15. Let q be b(-6). Suppose -11*y + 40*y - q = 0. What are the prime factors of y?
3, 83
Suppose -4*p = -5*s - 14942 - 23889, -p + 9714 = 5*s. List the prime factors of p.
7, 19, 73
Suppose -x - 2*v = 1633, -3*x - 940 = 5*v + 3960. Let n = -329 - x. List the prime factors of n.
2, 653
Let r(n) = 97*n**3 - n**2 + 2*n - 6. Suppose -5*t + 10 = -12*c + 7*c, 2*c = t - 2. What are the prime factors of r(t)?
2, 5, 7, 11
Let x = 18333 + -11111. List the prime factors of x.
2, 23, 157
Let u(l) = -175*l + 112. Let m be u(-9). Suppose 0*w - w + 2*h + 553 = 0, -h = 3*w - m. List the prime factors of w.
3, 11, 17
Suppose -30*t - 9*t - 1023379 + 2987731 = 0. List the prime factors of t.
2, 787
Suppose 2387*z - 2373*z - 705474 = 0. What are the prime factors of z?
3, 11, 509
Suppose 2*v - p - 10831 = 0, 8*v + 10*p - 43354 = 8*p. What are the prime factors of v?
2, 3, 7, 43
Let w(q) = q**2 - 4*q + 2. Let a be w(0). Suppose -a*i + 4*i = 5*d + 1514, 0 = d - 2. What are the prime factors of i?
2, 3, 127
Suppose 93771 = 2*f + 4*m + 24419, 2*f + 3*m - 69358 = 0. List the prime factors of f.
2, 271
What are the prime factors of 18/63 - (-101991)/21?
3, 1619
Suppose 49 = 4*j + 9. Suppose 0 = -j*x + 8 - 418. Let b = -6 - x. List the prime factors of b.
5, 7
Let p be ((-282)/329)/(2*(-1)/7). Suppose -3*d + 6*u + 1962 = p*u, 3*d - 1937 = -2*u. What are the prime factors of d?
11, 59
What are the prime factors of ((-15858)/9)/(8/(-40)*5)?
2, 881
Suppose -5*j = -5*o - 129020, -70*j + 73*j = -2*o + 77422. What are the prime factors of j?
2, 3, 11, 17, 23
Suppose 83*q - 87*q + 147016 = 4*n, 2*q = -n + 36762. What are the prime factors of n?
2, 19, 967
Suppose -22*o - 4534 = -3*i - 18*o, i - 3*o - 1513 = 0. List the prime factors of i.
2, 5, 151
Suppose -2*a + 347*l = 350*l - 81978, 0 = 3*a - 3*l - 122967. What are the prime factors of a?
3, 13, 1051
Let k(m) = -4 + 171*m - 11 - 161*m. Let z be k(-10). List the prime factors of (-45)/(-2)*(z/(-15) + -1).
2, 3, 5
Let m(a) = -3*a - 6. Let q be m(-2). Let c be 8 - 7 - (-1 + -7). Suppose q = -2*t - 4*l + 254, c*l - 4*l + 443 = 4*t. What are the prime factors of t?
3, 13
Let r = -3318 + 10668. Suppose 94*p = 108*p - r. List the prime factors of p.
3, 5, 7
Let w be (5/(-2))/(-1)*(2 + 4). Suppose 356 + 10624 = w*l. List the prime factors of l.
2, 3, 61
Let g = -451 - -694. Let o = 696 - g. List the prime factors of o.
3, 151
Suppose -2*n + 6*r + 163486 = 0, 450*r - 35 = 455*r. What are the prime factors of n?
2, 29, 1409
Suppose r = -3*a + 15, 3*r = -3*a + 15 + 18. Let s(n) = n**3 - 9*n**2 + 21*n. List the prime factors of s(r).
3, 7
Suppose -30*w - 34382 = -5*v - 34*w, 4*w - 6870 = -v. What are the prime factors of v?
2, 19, 181
Let f be 29*-83 - (39 - 31). Let b = -1022 - f. List the prime factors of b.
7, 199
Suppose 3 = -2*k + 3*f, k - 5*f = 2*k - 5. Suppose 8*a - 15*a + 910 = k. What are the prime factors of a?
2, 5, 13
Suppose -4*z + 378 + 1094 = -7648. What are the prime factors of z?
2, 3, 5, 19
List the prime factors of (-1685)/(-2)*1216/1520.
2, 337
Let a(h) = -23*h**3 - 3*h**2 - 4*h - 7. Suppose -j + 4*x = -86, x - 154 = 2*j - 4*j. Let d = 76 - j. List the prime factors of a(d).
173
Let f = -1756 - -2164. List the prime factors of f.
2, 3, 17
Suppose -13569*c - 1340454 = -13610*c. List the prime factors of c.
2, 3, 5449
Suppose -4*a + 4774 = -o + 2*o, 0 = 5*o + 10. Let b = a + -676. What are the prime factors of b?
2, 7, 37
Let x(d) = 5019*d**3 - 3 + 3 - 4947*d**3 + 7*d - 5*d**2 + 0*d. What are the prime factors of x(2)?
2, 3, 5, 19
Suppose -9*o + 8*o + 976 = m, -o + 976 = 2*m. Suppose 0 = -t + p + o, 4*t - 3187 = -2*p + 699. Suppose -5*s + t = -2. What are the prime factors of s?
3, 5, 13
Suppose 44*d - 3*b + 24453 = 47*d, 5*d + 3*b = 40767. List the prime factors of d.
3, 2719
What are the prime factors of 4/(-5) + 792/50*1695?
2, 839
Suppose 0 = -4*d - 5*p + 19275, 3*p - 7*p = d - 4816. What are the prime factors of d?
2, 5, 241
Suppose 0 = 6*w + 3*f + 2112 + 1263, -4*f + 4 = 0. Let g = -477 - w. List the prime factors of g.
2, 43
Suppose -189*x + 185*x = -60. Suppose x - 3 = 6*a. What are the prime factors of 300/a - (-6 + (-6 - -15))?
3, 7
Let l(m) = 5*m**3 - 7*m + 6. Let f be l(1). Suppose -4*y + 4*j + 4916 = 0, f*y = j - 0*j + 4913. What are the prime factors of y?
2, 307
Let t = 97300 + -37412. Suppose -41*w + t = -3*w. What are the prime factors of w?
2, 197
Let t = 22051 + -17716. List the prime factors of t.
3, 5, 17
Let i = 1122 + -734. List the prime factors of i.
2, 97
Let y(m) = 2*m**3 + 14*m**2 + 2*m + 48. Let z be y(-7). Suppose z = 4*b + 22, 0 = q - b - 119. What are the prime factors of q?
2, 61
Suppose -10*m + 112877 = 28377. Suppose 45*j = -m + 31310. What are the prime factors of j?
2, 127
Let a be ((-6)/9)/(2/(-15)). Suppose 5*m + 25 = a*b, b - m = -6*m - 7. What are the prime factors of 30/9 - b/9 - -13?
2
Suppose 14 = -q + 2*q + h, -5*h - 38 = -q. Let u = 20 - q. Suppose 0 = u*k - 111 - 65. What are the prime factors of k?
2, 11
Suppose -4*a = -4*k + 27 - 11, -k - 50 = 5*a. Let s be (-23)/(-4) + a/12. What are the prime factors of 4*s - (0 - 2)?
2, 11
Let x(g) = -21 + 50*g - 78*g + 24*g + 27*g**2. What are the prime factors of x(5)?
2, 317
Suppose 0 = 38*n - 18*n - 3070 - 13790. What are the prime factors of n?
3, 281
Let o = 62619 - 33590. List the prime factors of o.
7, 11, 13, 29
Suppose 0 = 5*b + 5*z - 8632 - 6228, -14900 = -5*b + 5*z. What are the prime factors of b?
2, 3, 31
Suppose 14552 = 3*v - 2*l - 17001, 3*l - 15 = 0. List the prime factors of v.
3, 7, 167
Let o(r) = 11*r - 21. Let n be o(-9). Let d = 141 + n. What are the prime factors of d?
3, 7
List the prime factors of (564661/33 + 6/(-22))/((-8)/(-12)).
2, 41, 313
List the prime factors of (-288539)/(-6) - 349/(-2094).
2, 3, 5, 7, 229
Suppose -14 = 6*b - 32. List the prime factors of b*(5 - 7)*(-88)/6.
2, 11
What are the prime factors of 116130/9 - -6 - (1 - 15/9)?
2, 5, 1291
Let j(g) = 2*g**2 + g - 3. Let m be j(2). Suppose a - 5*f - 31 = 0, 0 = -5*f - 2 + m. Suppose 0 = 13*p - 17*p + a. List the prime factors of p.
3
Suppose 5*b - 77 = 103. Let q = b + 15. Let z = 104 - q. What are the prime factors of z?
53
Let z = 2876 + -1866. Suppose -3*j = z - 5030. What are the prime factors of j?
2, 5, 67
List the prime factors of -18*(15 - (-33852)/(-72)).
3, 2731
Suppose -4 + 12 = -5*n - 2*l, -5 = 4*n + 3*l. Let m be 0 + -2 + 4 - n. Suppose 0*y + y = m*k + 107, 142 = y + 3*k